d by u?
137
Let m = 13687 + -13347. What is the remainder when m is divided by 110?
10
Let z(j) = j**3 - 38*j**2 + 166*j - 15. Suppose 120 = -3*t - 30. Let q = t - -119. What is the remainder when q is divided by z(33)?
15
Suppose -28 - 112 = -5*j. Let w(c) = 2*c**3 - 289. Let b be w(0). Let h = -154 - b. Calculate the remainder when h is divided by j.
23
Suppose 0 = 160*r + 98*r - 7998. What is the remainder when 1663 is divided by r?
20
Let u = -57 - -39. Calculate the remainder when 0 - -1 - (u - 1) is divided by 12.
8
Let p(h) = -3*h**3 - 17*h + 21. Let k(q) = 2*q**3 + 8*q - 11. Let t(w) = 5*k(w) + 2*p(w). What is the remainder when t(3) is divided by 58?
55
Suppose f - 2*a + 18 = -2*f, 4*a - 18 = 3*f. Calculate the remainder when -3*76/f*12/8 is divided by 29.
28
Suppose 0*z = 10*z - 0*z. Calculate the remainder when 0 + 1 + 96 + z/34 is divided by 25.
22
Suppose 1228*y + 368 = 1236*y. Calculate the remainder when 228 is divided by y.
44
Let h(q) = -85*q + 1913. Calculate the remainder when 634 is divided by h(20).
208
Let p(c) = c**2 - 2*c + 22. What is the remainder when p(-13) is divided by 37?
32
Suppose r - 333 = -2*h, r - 1497 = 5*h - 2340. What is the remainder when h is divided by 10?
8
Suppose 358 + 418 = -8*q. Let n = q + 106. What is the remainder when 11 is divided by n?
2
Suppose 6*g + 892 + 362 = 0. Let b = 233 + g. What is the remainder when 141 is divided by b?
21
Let o = -4477 + 4533. What is the remainder when 165 is divided by o?
53
Let c = -5182 + 5887. Calculate the remainder when c is divided by 36.
21
Let m = -1074 + 1305. What is the remainder when m is divided by 50?
31
Let r(b) = 6*b**2 - 242*b - 74. Calculate the remainder when 3 + 1 + (2 - 2088/(-6)) is divided by r(41).
84
Let j(b) = -8*b - 188. Let d be j(-23). What is the remainder when (-151)/d + (-13)/(-52) is divided by 20?
18
Let z(w) = w - 6*w**2 - 5*w**2 + 2 + 21*w**2 + 3*w**2. What is the remainder when 179 is divided by z(-1)?
11
Let j = -173 - -183. Let g(w) = -w**3 + 9*w**2 + 14*w - 17. Calculate the remainder when 62 is divided by g(j).
16
Let n(y) = 3*y**2 + y - 18. Let i(b) be the first derivative of -3*b**2 - 8*b + 30. What is the remainder when n(7) is divided by i(-6)?
24
Let f(d) = -d**3 - 6*d**2 - 12*d - 31. Let b be f(-5). Suppose -4*s - 2*c - c = -28, 56 = b*s - 4*c. Calculate the remainder when 50 is divided by s.
0
Suppose -2*b + 6*b = 56. Suppose -b*i + 17*i - 180 = 0. What is the remainder when (120 - (0 + 4)) + 0 is divided by i?
56
Suppose 5*n = n + 152. Suppose -405*u + 38293 = -148*u. Calculate the remainder when u is divided by n.
35
Suppose -5*h + 7 = -4*v - 36, 25 = 3*h - 2*v. Let f(z) = -148*z - 2405. What is the remainder when f(-17) is divided by h?
6
Suppose -19232 = -71*l + 9097. Suppose 2*a + 5*d - 100 = -0*d, 0 = -4*a + 4*d + 200. What is the remainder when l is divided by a?
49
Let x = 8 + -18. Let y = 260 - 278. What is the remainder when x/y*-3*(-61 - 2) is divided by 27?
24
Let g(f) = 34*f**2 + 6*f - 1. Suppose -221 = -19*p + 121. What is the remainder when g(-3) is divided by p?
17
Suppose 3*l + 100*y - 96*y = 261, -4*l + 4*y = -348. What is the remainder when 519 is divided by l?
84
Suppose 0*a - 2*a = -20. Suppose 52*f + 7 = 53*f. Calculate the remainder when a is divided by (-1)/(f - 174/24).
2
Suppose -938*m = -984*m + 71530. Calculate the remainder when m is divided by 120.
115
Let a = -15523 + 17498. Calculate the remainder when a is divided by 26.
25
Suppose 19*j - 6492 = 138820. What is the remainder when j is divided by 24?
16
Let k = -3 - -6. Let i be -1 + (-2 - (4 + -6)) - -123. Let x = i + -107. Calculate the remainder when x is divided by k.
0
Suppose 3*d = -d + 4. Suppose -h = -3*h + 4*o + 4, -5*h - 5*o = -55. Calculate the remainder when (d + -4 - -38) + 3 is divided by h.
6
Suppose 34*p + 135 = -34*p + 5915. What is the remainder when 1782 is divided by p?
82
Let u(d) = -887*d - 11592. What is the remainder when u(-28) is divided by 179?
177
Let q(j) = -195*j + 1192. Calculate the remainder when 134 is divided by q(6).
2
Let u = 704 + -95. What is the remainder when u is divided by 68?
65
Let x = 6648 + -2810. Calculate the remainder when x is divided by 17.
13
Suppose -49 = -5*a + 1. Let f(l) = l + 21. Let m be f(-9). Suppose 0 = -8*k + 12*k - m. Calculate the remainder when a is divided by k.
1
Let h(n) = -49*n**3 - 4*n**2 + 5*n. Let o be h(2). Let w = -212 - o. Let d = -113 + w. Calculate the remainder when d is divided by 38.
35
Let z be ((-2412)/(-9))/(4/(-18)). What is the remainder when (-22)/3*z/12 is divided by 18?
17
Let d be -1*(-5)/(-5) - 2. Let r = d - -6. Let n(f) = 19*f**2 + 2*f + 7. What is the remainder when n(r) is divided by 31?
29
Let j be (-4 - -10) + 60/(-12). Suppose 0 = -4*l - 71 + 231. Calculate the remainder when l is divided by 236*6/48 + j/(-2).
11
Suppose 30 = 3*c - 9*v + 14*v, 2*c + v = 13. Suppose -2*l - 4 = -l - c*n, 5 = n. Let g = -54 - -114. Calculate the remainder when g is divided by l.
18
Suppose 29 = 9*d - 169. Let x = 17 - 14. Suppose x*a + 39 = 3*j, -4*j + 5*j - 5*a = 33. What is the remainder when d is divided by j?
6
Suppose 2*m = n - 14, m - 7 + 0 = -3*n. Let h(u) = 3*u + 1. Let y(o) = -o**2 + o. Let x(p) = -h(p) - 2*y(p). What is the remainder when 40 is divided by x(n)?
7
Suppose n = 0, 0*q + 510 = q + n. Suppose -19*p + q = 11*p. Calculate the remainder when 19 is divided by p.
2
Suppose -185394 - 149406 = -135*v. What is the remainder when v is divided by 26?
10
Suppose 10 = -3*p + p, 3*p - 163 = -2*y. What is the remainder when y is divided by (-4515)/(-110) - (-607)/(-13354)?
7
Suppose -d + a + 8 = 0, d - 13 = -a - 3*a. Suppose 4*o = 16, -m + 18 = 4*o - d*o. Calculate the remainder when 1029/14 + 1/(-2) is divided by m.
35
Let g(y) = -12*y + 161. Suppose 0 = 6*p - 53 - 1. What is the remainder when g(p) is divided by 7?
4
Suppose 4*h + 1837 = -5*z, 5 = 41*z - 42*z. Let l = 464 + h. What is the remainder when 22 is divided by l?
0
Let f(b) = 38*b**2 - 24*b - 27. What is the remainder when f(-9) is divided by 76?
75
Suppose -210 + 882 = 6*d. Calculate the remainder when d is divided by (-38)/(-361) - 2162/(-38).
55
Suppose 0 = -476*m - 74*m + 4400. Suppose j + 2*y = 16, -y + 64 = 3*j + 16. Calculate the remainder when j is divided by m.
0
Let j(g) = -g - 3. Let d be j(-6). Let t be d/2*(-1160)/(-15). Suppose 3*z = 7*z - t. What is the remainder when z is divided by 17?
12
Calculate the remainder when 358 is divided by 18/15 - (2 + 696/(-120)).
3
Let y be (-1)/((-6)/4) - 40/(-12). Suppose -3*p = -y*t - 36, 3*t + 10 = 4*p - 6*p. What is the remainder when (246/(-15))/(t/15) is divided by 15?
11
Let h(u) be the third derivative of u**5/60 - 3*u**4/8 + 11*u**3/3 + u**2. Let b = -1417 + 1425. Calculate the remainder when 51 is divided by h(b).
9
Let b be (-3)/((-2)/2 + (-14)/(-35)). Suppose l - 5*d - 21 = 36, -b*d - 119 = -2*l. What is the remainder when l is divided by 25?
12
Suppose -4 = -3*f - d - d, f = 2*d + 4. What is the remainder when 12/(-42) - (-415)/7 is divided by (f - 1)*16*(6 + -5)?
11
Let t be (-198)/(-30) - 4 - 3/5. Let h(g) be the third derivative of g**4/4 + g**3/6 - 3*g**2. Calculate the remainder when 14 is divided by h(t).
1
What is the remainder when 489 is divided by 301/(-28)*-8 + 12?
97
Let v = -1578 + 1590. Let g = -21 + 24. Suppose 3*c - 114 = -g*c. Calculate the remainder when c is divided by v.
7
Suppose -5*c + 62 = -o, 3*o = 5*c - 0*c - 56. What is the remainder when 467 is divided by c?
12
Suppose 73*a = 55*a - 5796. Let h = a + 377. What is the remainder when h is divided by 33?
22
Suppose -36584 = -32*t - 28*t + 10516. What is the remainder when t is divided by 78?
5
Suppose 304 = -5*v - 66. Let q = 70 + v. Let y = 34 + q. Calculate the remainder when y is divided by 4.
2
Let w be (-14*(-3)/(-9))/((-2)/9). Suppose -w*r = -25*r - 5*x + 588, -612 = -4*r + x. What is the remainder when r is divided by 12?
8
Suppose 0 = -134*g + 33*g + 1515. Calculate the remainder when 344 is divided by g.
14
Suppose 0 = 174*j - 177*j + 5*z + 4346, 5*z = -4*j + 5713. Calculate the remainder when j is divided by 34.
9
Let q(r) = 53*r + 63. Let g(u) = -1274*u - 1512. Let i(c) = -2*g(c) - 49*q(c). Calculate the remainder when i(-3) is divided b